{"id":100,"date":"2024-02-28T11:37:23","date_gmt":"2024-02-28T09:37:23","guid":{"rendered":"https:\/\/perhehoitoliitto.fi\/hameen-perhehoitajat\/?page_id=100"},"modified":"2025-03-27T16:07:23","modified_gmt":"2025-03-27T14:07:23","slug":"yhteystiedot","status":"publish","type":"page","link":"https:\/\/perhehoitoliitto.fi\/hameen-perhehoitajat\/yhteystiedot\/","title":{"rendered":"Yhteystiedot"},"content":{"rendered":"\n<p><strong>H\u00e4meen Perhehoitajat ry<\/strong> <\/p>\n\n\n\n<ul class=\"wp-block-list\">\n<li>S\u00e4hk\u00f6posti: <a href=\"mailto:hameen.perhehoitajat@gmail.com\">hameen.perhehoitajat@gmail.com<\/a> <\/li>\n\n\n\n<li>Facebook-ryhm\u00e4: <a href=\"https:\/\/www.facebook.com\/groups\/478065002229427\" target=\"_blank\" rel=\"noopener\" title=\"\">H\u00e4meen perhehoitajat ry<\/a> <\/li>\n\n\n\n<li>Instagram: <a href=\"https:\/\/www.instagram.com\/hameenperhehoitajatry\/\" target=\"_blank\" rel=\"noopener\" title=\"\">@hameenperhehoitajatry<\/a> <\/li>\n\n\n\n<li>Pj. Hanna Hakala, p. <a href=\"tel:+358505430272\" title=\"\">050 543 0272<\/a>, <a href=\"mailto:hanna@hakalat.info\">hanna@hakalat.info<\/a><\/li>\n\n\n\n<li>Siht. Minna Peltoniemi, <a href=\"mailto:minnatpeltoniemi@gmail.com\">minnatpeltoniemi@gmail.com<\/a><\/li>\n\n\n\n<li>Tied. Tuire Widen, <a href=\"mailto:hameen.perhehoitajat@gmail.com\">hameen.perhehoitajat@gmail.com<\/a><\/li>\n<\/ul>\n\n\n<div class=\"wp-block-ub-content-toggle wp-block-ub-content-toggle-block\" id=\"ub-content-toggle-block-ae7f1751-a621-4164-a054-17e428c7d953\" data-mobilecollapse=\"true\" data-desktopcollapse=\"true\" data-preventcollapse=\"false\" data-showonlyone=\"false\">\n<div class=\"wp-block-ub-content-toggle-accordion\" style=\"border-color: #f1f1f1; \" id=\"ub-content-toggle-panel-block-5d1ca55e-43fc-4052-ad77-f2eefc394be0\">\n\t\t\t<div class=\"wp-block-ub-content-toggle-accordion-title-wrap\" style=\"background-color: #f1f1f1;\" aria-controls=\"ub-content-toggle-panel-0-ae7f1751-a621-4164-a054-17e428c7d953\" tabindex=\"0\">\n\t\t\t<p class=\"wp-block-ub-content-toggle-accordion-title ub-content-toggle-title-ae7f1751-a621-4164-a054-17e428c7d953\" style=\"color: #000000; \">Hallitus ja toimihenkil\u00f6t 2024\u20132025<\/p>\n\t\t\t<div class=\"wp-block-ub-content-toggle-accordion-toggle-wrap right\" style=\"color: #000000;\"><span class=\"wp-block-ub-content-toggle-accordion-state-indicator wp-block-ub-chevron-down\"><\/span><\/div>\n\t\t<\/div>\n\t\t\t<div role=\"region\" aria-expanded=\"false\" class=\"wp-block-ub-content-toggle-accordion-content-wrap ub-hide\" id=\"ub-content-toggle-panel-0-ae7f1751-a621-4164-a054-17e428c7d953\">\n\n<p><strong>Puheenjohtaja<\/strong><br>Hanna Hakala<\/p>\n\n\n\n<p><strong>Hallituksen j\u00e4senet<\/strong><br>Aila Salo, Minna Palsa-Mattila, Piia Inovaara, Tuire Widen, Tiina Ryht\u00e4 ja Tiina Saarinen<\/p>\n\n\n\n<p><strong>Hallituksen varaj\u00e4senet<\/strong><br>Tuija N\u00e4ppinen, Heini Selinummi ja Janika Ekroth<\/p>\n\n\n\n<p><strong>Varapuheenjohtaja<\/strong><br>Tuija N\u00e4ppinen<\/p>\n\n\n\n<p><strong>Tiedottaja ja nettivastaava<\/strong> <br>Tuire Widen<\/p>\n\n\n\n<p><strong>Somevastaavat<\/strong><br>Tuire Widen ja Minna Peltoniemi<\/p>\n\n\n\n<p><strong>Tietosuojarekisterivastaava<\/strong><br>Minna Peltoniemi<\/p>\n\n\n\n<p><strong>Rahastonhoitaja<\/strong><br>Hanna Hakala<\/p>\n\n\n\n<p><strong>Sinut-yhteyshenkil\u00f6<\/strong><br>Tuija N\u00e4ppinen<\/p>\n\n\n\n<p><strong>Ik\u00e4ihmisten kiert\u00e4v\u00e4n perhehoidon yhteyshenkil\u00f6<\/strong><br>Tiina Ryht\u00e4<\/p>\n\n\n\n<div class=\"wp-block-group is-vertical is-layout-flex wp-container-core-group-is-layout-8cf370e7 wp-block-group-is-layout-flex\">\n<p><strong>Ik\u00e4ihmisten pitk\u00e4aikaisen perhehoidon yhteyshenkil\u00f6<\/strong><br>Tiina Saarinen<\/p>\n\n\n\n<p><\/p>\n<\/div>\n\n\n\n<p><strong>Mielenterveyskuntoutujien perhehoidon yhteyshenkil\u00f6t<\/strong><br>Piia Inovaara<\/p>\n\n\n\n<p><strong>Vammaisten ihmisten perhehoidon yhteyshenkil\u00f6<\/strong><br>Aila Salo<\/p>\n\n<\/div>\n\t\t<\/div>\n<\/div>","protected":false},"excerpt":{"rendered":"<p>H\u00e4meen Perhehoitajat ry<\/p>\n","protected":false},"author":3,"featured_media":0,"parent":0,"menu_order":0,"comment_status":"closed","ping_status":"closed","template":"","meta":{"_acf_changed":false,"footnotes":""},"class_list":["post-100","page","type-page","status-publish","hentry"],"acf":[],"aioseo_notices":[],"featured_image_src":null,"_links":{"self":[{"href":"https:\/\/perhehoitoliitto.fi\/hameen-perhehoitajat\/wp-json\/wp\/v2\/pages\/100","targetHints":{"allow":["GET"]}}],"collection":[{"href":"https:\/\/perhehoitoliitto.fi\/hameen-perhehoitajat\/wp-json\/wp\/v2\/pages"}],"about":[{"href":"https:\/\/perhehoitoliitto.fi\/hameen-perhehoitajat\/wp-json\/wp\/v2\/types\/page"}],"author":[{"embeddable":true,"href":"https:\/\/perhehoitoliitto.fi\/hameen-perhehoitajat\/wp-json\/wp\/v2\/users\/3"}],"replies":[{"embeddable":true,"href":"https:\/\/perhehoitoliitto.fi\/hameen-perhehoitajat\/wp-json\/wp\/v2\/comments?post=100"}],"version-history":[{"count":14,"href":"https:\/\/perhehoitoliitto.fi\/hameen-perhehoitajat\/wp-json\/wp\/v2\/pages\/100\/revisions"}],"predecessor-version":[{"id":210,"href":"https:\/\/perhehoitoliitto.fi\/hameen-perhehoitajat\/wp-json\/wp\/v2\/pages\/100\/revisions\/210"}],"wp:attachment":[{"href":"https:\/\/perhehoitoliitto.fi\/hameen-perhehoitajat\/wp-json\/wp\/v2\/media?parent=100"}],"curies":[{"name":"wp","href":"https:\/\/api.w.org\/{rel}","templated":true}]}}

<p><strong>Hämeen Perhehoitajat ry</strong> </p>



<ul class="wp-block-list">
<li>Sähköposti: <a href="mailto:hameen.perhehoitajat@gmail.com">hameen.perhehoitajat@gmail.com</a> </li>



<li>Facebook-ryhmä: <a href="https://www.facebook.com/groups/478065002229427" target="_blank" rel="noopener" title="">Hämeen perhehoitajat ry</a> </li>



<li>Instagram: <a href="https://www.instagram.com/hameenperhehoitajatry/" target="_blank" rel="noopener" title="">@hameenperhehoitajatry</a> </li>



<li>Pj. Hanna Hakala, p. <a href="tel:+358505430272" title="">050 543 0272</a>, <a href="mailto:hanna@hakalat.info">hanna@hakalat.info</a></li>



<li>Siht. Minna Peltoniemi, <a href="mailto:minnatpeltoniemi@gmail.com">minnatpeltoniemi@gmail.com</a></li>



<li>Tied. Tuire Widen, <a href="mailto:hameen.perhehoitajat@gmail.com">hameen.perhehoitajat@gmail.com</a></li>
</ul>


<div class="wp-block-ub-content-toggle wp-block-ub-content-toggle-block" id="ub-content-toggle-block-ae7f1751-a621-4164-a054-17e428c7d953" data-mobilecollapse="true" data-desktopcollapse="true" data-preventcollapse="false" data-showonlyone="false">
<div class="wp-block-ub-content-toggle-accordion" style="border-color: #f1f1f1; " id="ub-content-toggle-panel-block-5d1ca55e-43fc-4052-ad77-f2eefc394be0">
			<div class="wp-block-ub-content-toggle-accordion-title-wrap" style="background-color: #f1f1f1;" aria-controls="ub-content-toggle-panel-0-ae7f1751-a621-4164-a054-17e428c7d953" tabindex="0">
			<p class="wp-block-ub-content-toggle-accordion-title ub-content-toggle-title-ae7f1751-a621-4164-a054-17e428c7d953" style="color: #000000; ">Hallitus ja toimihenkilöt 2024–2025</p>
			<div class="wp-block-ub-content-toggle-accordion-toggle-wrap right" style="color: #000000;"><span class="wp-block-ub-content-toggle-accordion-state-indicator wp-block-ub-chevron-down"></span></div>
		</div>
			<div role="region" aria-expanded="false" class="wp-block-ub-content-toggle-accordion-content-wrap ub-hide" id="ub-content-toggle-panel-0-ae7f1751-a621-4164-a054-17e428c7d953">

<p><strong>Puheenjohtaja</strong><br>Hanna Hakala</p>



<p><strong>Hallituksen jäsenet</strong><br>Aila Salo, Minna Palsa-Mattila, Piia Inovaara, Tuire Widen, Tiina Ryhtä ja Tiina Saarinen</p>



<p><strong>Hallituksen varajäsenet</strong><br>Tuija Näppinen, Heini Selinummi ja Janika Ekroth</p>



<p><strong>Varapuheenjohtaja</strong><br>Tuija Näppinen</p>



<p><strong>Tiedottaja ja nettivastaava</strong> <br>Tuire Widen</p>



<p><strong>Somevastaavat</strong><br>Tuire Widen ja Minna Peltoniemi</p>



<p><strong>Tietosuojarekisterivastaava</strong><br>Minna Peltoniemi</p>



<p><strong>Rahastonhoitaja</strong><br>Hanna Hakala</p>



<p><strong>Sinut-yhteyshenkilö</strong><br>Tuija Näppinen</p>



<p><strong>Ikäihmisten kiertävän perhehoidon yhteyshenkilö</strong><br>Tiina Ryhtä</p>



<div class="wp-block-group is-vertical is-layout-flex wp-container-core-group-is-layout-8cf370e7 wp-block-group-is-layout-flex">
<p><strong>Ikäihmisten pitkäaikaisen perhehoidon yhteyshenkilö</strong><br>Tiina Saarinen</p>



<p></p>
</div>



<p><strong>Mielenterveyskuntoutujien perhehoidon yhteyshenkilöt</strong><br>Piia Inovaara</p>



<p><strong>Vammaisten ihmisten perhehoidon yhteyshenkilö</strong><br>Aila Salo</p>

</div>
		</div>
</div>

<p>Hämeen Perhehoitajat ry</p>
