{"id":109,"date":"2024-02-28T11:57:19","date_gmt":"2024-02-28T09:57:19","guid":{"rendered":"https:\/\/perhehoitoliitto.fi\/lapin-perhehoitajat\/?page_id=109"},"modified":"2024-05-17T15:43:25","modified_gmt":"2024-05-17T12:43:25","slug":"liity-jaseneksi","status":"publish","type":"page","link":"https:\/\/perhehoitoliitto.fi\/lapin-perhehoitajat\/liity-jaseneksi\/","title":{"rendered":"Liity j\u00e4seneksi"},"content":{"rendered":"\n<p>Lapin Perhehoitajat ry:n j\u00e4seniksi voivat liitty\u00e4 kaikki jotka toimivat perhehoitajina perheeseen sijoitetuille lapsille, nuorille tai aikuisille tai tukiperheille.<\/p>\n\n\n\n<p>Kannatusj\u00e4seniksi voivat liitty\u00e4 yhteis\u00f6t tai yksityiset henkil\u00f6t, jotka haluavat tukea sijaisperheyhdistyksemme toimintaa.<\/p>\n\n\n\n<p>J\u00e4senyys edellytt\u00e4\u00e4 yhdistyksen vuosikokouksen m\u00e4\u00e4r\u00e4\u00e4m\u00e4n j\u00e4senmaksun maksamista vuosittain, j\u00e4senmaksu on 20\u20ac\/j\u00e4sen. J\u00e4senmaksu sis\u00e4lt\u00e4\u00e4 Perhehoitoliiton lehden.<\/p>\n\n\n\n<p>J\u00e4senasioissa voit ottaa yhteytt\u00e4 Maarit Patokoskeen, puh. <a href=\"tel:+358405410603\" title=\"\">040 541 0603<\/a>.<\/p>\n\n\n\n<div class=\"wp-block-buttons is-layout-flex wp-block-buttons-is-layout-flex\">\n<div class=\"wp-block-button\"><a class=\"wp-block-button__link wp-element-button\" href=\"https:\/\/atom.flomembers.com\/lapin-perhehoitajat\/members\/application?_lang=fi\" target=\"_blank\" rel=\"noreferrer noopener\">T\u00e4yt\u00e4 j\u00e4senhakemus<\/a><\/div>\n<\/div>\n","protected":false},"excerpt":{"rendered":"<p>Lapin Perhehoitajat ry:n j\u00e4seniksi voivat liitty\u00e4 kaikki jotka toimivat perhehoitajina perheeseen sijoitetuille lapsille, nuorille tai aikuisille tai tukiperheille. Kannatusj\u00e4seniksi voivat&#8230;<\/p>\n","protected":false},"author":3,"featured_media":0,"parent":0,"menu_order":0,"comment_status":"closed","ping_status":"closed","template":"","meta":{"_acf_changed":false,"footnotes":""},"class_list":["post-109","page","type-page","status-publish","hentry"],"acf":[],"aioseo_notices":[],"featured_image_src":null,"_links":{"self":[{"href":"https:\/\/perhehoitoliitto.fi\/lapin-perhehoitajat\/wp-json\/wp\/v2\/pages\/109","targetHints":{"allow":["GET"]}}],"collection":[{"href":"https:\/\/perhehoitoliitto.fi\/lapin-perhehoitajat\/wp-json\/wp\/v2\/pages"}],"about":[{"href":"https:\/\/perhehoitoliitto.fi\/lapin-perhehoitajat\/wp-json\/wp\/v2\/types\/page"}],"author":[{"embeddable":true,"href":"https:\/\/perhehoitoliitto.fi\/lapin-perhehoitajat\/wp-json\/wp\/v2\/users\/3"}],"replies":[{"embeddable":true,"href":"https:\/\/perhehoitoliitto.fi\/lapin-perhehoitajat\/wp-json\/wp\/v2\/comments?post=109"}],"version-history":[{"count":5,"href":"https:\/\/perhehoitoliitto.fi\/lapin-perhehoitajat\/wp-json\/wp\/v2\/pages\/109\/revisions"}],"predecessor-version":[{"id":138,"href":"https:\/\/perhehoitoliitto.fi\/lapin-perhehoitajat\/wp-json\/wp\/v2\/pages\/109\/revisions\/138"}],"wp:attachment":[{"href":"https:\/\/perhehoitoliitto.fi\/lapin-perhehoitajat\/wp-json\/wp\/v2\/media?parent=109"}],"curies":[{"name":"wp","href":"https:\/\/api.w.org\/{rel}","templated":true}]}}