{"id":2,"date":"2024-01-23T15:53:19","date_gmt":"2024-01-23T13:53:19","guid":{"rendered":"https:\/\/perhehoitoliitto.fi\/lapin-perhehoitajat\/?page_id=2"},"modified":"2024-06-18T10:49:53","modified_gmt":"2024-06-18T07:49:53","slug":"esimerkkisivu","status":"publish","type":"page","link":"https:\/\/perhehoitoliitto.fi\/lapin-perhehoitajat\/","title":{"rendered":"Lapin Perhehoitajat ry"},"content":{"rendered":"\n<p>Lapin Perhehoitajat ry on <a href=\"https:\/\/www.perhehoitoliitto.fi\" title=\"Perhehoitoliitto\">Perhehoitoliiton<\/a> alueellinen j\u00e4senyhdistys perhehoitajille ja tukiperheille. Yhdistyksemme kotipaikka on Kemi, mutta toimimme koko Lapin alueella. Yhdistyksen perustamiskokous pidettiin 18.5.1992, rekister\u00f6inti 10.11.1994. <\/p>\n\n\n\n<p>Yhdistyksen tarkoituksena on toimia lasten, kehitysvammaisten ja ik\u00e4ihmisten perhehoitajien alueellisena vertaistuen, virkistystoiminnan ja edunvalvonnan tukijana. Yhdistys yll\u00e4pit\u00e4\u00e4 yhteyksi\u00e4 viranomaisiin ja p\u00e4\u00e4t\u00f6ksentekij\u00f6ihin sek\u00e4 osaltaan kehitt\u00e4\u00e4 ja yll\u00e4pit\u00e4\u00e4 perhehoitoty\u00f6t\u00e4 tekevien perheiden, perhehoidossa olevien henkil\u00f6iden ja alan yhteis\u00f6jen v\u00e4list\u00e4 yhteisty\u00f6t\u00e4 Lapin alueella.<\/p>\n\n\n\n<p>Lapin Perhehoitajissa on 135 j\u00e4sent\u00e4.<\/p>\n\n\n\n<div class=\"wp-block-buttons is-content-justification-center is-layout-flex wp-container-core-buttons-is-layout-16018d1d wp-block-buttons-is-layout-flex\">\n<div class=\"wp-block-button\"><a class=\"wp-block-button__link has-text-align-center wp-element-button\" href=\"https:\/\/perhehoitoliitto.fi\/lapin-perhehoitajat\/liity-jaseneksi\/\">Liity j\u00e4seneksi<\/a><\/div>\n\n\n\n<div class=\"wp-block-button\"><a class=\"wp-block-button__link has-text-align-center wp-element-button\" href=\"https:\/\/perhehoitoliitto.fi\/lapin-perhehoitajat\/yhteystiedot\/\">Yhteystiedot<\/a><\/div>\n\n\n\n<div class=\"wp-block-button\"><a class=\"wp-block-button__link wp-element-button\" href=\"https:\/\/perhehoitoliitto.fi\/lapin-perhehoitajat\/toimintamme\/\">Toimintamme<\/a><\/div>\n<\/div>\n","protected":false},"excerpt":{"rendered":"<p>Lapin Perhehoitajat ry on Perhehoitoliiton alueellinen j\u00e4senyhdistys perhehoitajille ja tukiperheille. Yhdistyksemme kotipaikka on Kemi, mutta toimimme koko Lapin alueella. Yhdistyksen&#8230;<\/p>\n","protected":false},"author":1,"featured_media":139,"parent":0,"menu_order":0,"comment_status":"closed","ping_status":"open","template":"","meta":{"_acf_changed":false,"footnotes":""},"class_list":["post-2","page","type-page","status-publish","has-post-thumbnail","hentry"],"acf":[],"aioseo_notices":[],"featured_image_src":"https:\/\/perhehoitoliitto.fi\/lapin-perhehoitajat\/wp-content\/uploads\/sites\/18\/2024\/05\/taustakuva_puussa.jpg","_links":{"self":[{"href":"https:\/\/perhehoitoliitto.fi\/lapin-perhehoitajat\/wp-json\/wp\/v2\/pages\/2","targetHints":{"allow":["GET"]}}],"collection":[{"href":"https:\/\/perhehoitoliitto.fi\/lapin-perhehoitajat\/wp-json\/wp\/v2\/pages"}],"about":[{"href":"https:\/\/perhehoitoliitto.fi\/lapin-perhehoitajat\/wp-json\/wp\/v2\/types\/page"}],"author":[{"embeddable":true,"href":"https:\/\/perhehoitoliitto.fi\/lapin-perhehoitajat\/wp-json\/wp\/v2\/users\/1"}],"replies":[{"embeddable":true,"href":"https:\/\/perhehoitoliitto.fi\/lapin-perhehoitajat\/wp-json\/wp\/v2\/comments?post=2"}],"version-history":[{"count":32,"href":"https:\/\/perhehoitoliitto.fi\/lapin-perhehoitajat\/wp-json\/wp\/v2\/pages\/2\/revisions"}],"predecessor-version":[{"id":175,"href":"https:\/\/perhehoitoliitto.fi\/lapin-perhehoitajat\/wp-json\/wp\/v2\/pages\/2\/revisions\/175"}],"wp:featuredmedia":[{"embeddable":true,"href":"https:\/\/perhehoitoliitto.fi\/lapin-perhehoitajat\/wp-json\/wp\/v2\/media\/139"}],"wp:attachment":[{"href":"https:\/\/perhehoitoliitto.fi\/lapin-perhehoitajat\/wp-json\/wp\/v2\/media?parent=2"}],"curies":[{"name":"wp","href":"https:\/\/api.w.org\/{rel}","templated":true}]}}