{"id":109,"date":"2024-02-28T11:57:19","date_gmt":"2024-02-28T09:57:19","guid":{"rendered":"https:\/\/perhehoitoliitto.fi\/pohjois-karjalan-perhehoitajat\/?page_id=109"},"modified":"2025-05-15T08:55:46","modified_gmt":"2025-05-15T05:55:46","slug":"liity-jaseneksi","status":"publish","type":"page","link":"https:\/\/perhehoitoliitto.fi\/pohjois-karjalan-perhehoitajat\/liity-jaseneksi\/","title":{"rendered":"Liity j\u00e4seneksi"},"content":{"rendered":"\n<p><strong>Pohjois-Karjalan Perhehoitajat ry:n j\u00e4senen\u00e4<\/strong><\/p>\n\n\n\n<ul class=\"wp-block-list\">\n<li>saat tukea ja neuvoja toisilta perhehoitajilta<\/li>\n\n\n\n<li>tapaat toisia perhehoitajia<\/li>\n\n\n\n<li>mahdollisuuden osallistua virkistykseen, koulutuksiin ja tapahtumiin<\/li>\n\n\n\n<li>kuulut j\u00e4senyhdistyksen kautta Perhehoitoliittoon<\/li>\n\n\n\n<li>yhdistys v\u00e4litt\u00e4\u00e4 sinulle ajankohtaiset ja uusimmat tiedot<\/li>\n\n\n\n<li>Perhehoito-lehden saat nelj\u00e4 kertaa vuodessa<\/li>\n<\/ul>\n\n\n\n<p><strong>Jos haluat lis\u00e4tietoja, ole reilusti yhteydess\u00e4:<\/strong><\/p>\n\n\n\n<ul class=\"wp-block-list\">\n<li>Pj.&nbsp;<strong><strong>Taru Tuononen<\/strong><\/strong>, p. <a href=\"tel:+358500969573\" title=\"\">050 3053762<\/a>,&nbsp;<a href=\"mailto:jaana.a.silvennoinen@gmail.com\">taru.tuononen@gmail.com<\/a><\/li>\n\n\n\n<li>Siht.&nbsp;<strong>Tuula Laitinen<\/strong>,&nbsp;p. <a href=\"http:\/\/0400 436999\" title=\"\">0400 436999<\/a>, <a href=\"mailto:tuula.laitinenjns@gmail.com\">tuula.laitinenjns@gmail.com<\/a><\/li>\n<\/ul>\n\n\n\n<div class=\"wp-block-buttons is-layout-flex wp-block-buttons-is-layout-flex\">\n<div class=\"wp-block-button\"><a class=\"wp-block-button__link wp-element-button\" href=\"https:\/\/atom.flomembers.com\/pohjois-karjalan-perhehoitajat\/members\/application?_lang=fi\">T\u00e4yt\u00e4 j\u00e4senhakemus<\/a><\/div>\n<\/div>\n","protected":false},"excerpt":{"rendered":"<p>Pohjois-Karjalan Perhehoitajat ry:n j\u00e4senen\u00e4 Jos haluat lis\u00e4tietoja, ole reilusti yhteydess\u00e4:<\/p>\n","protected":false},"author":3,"featured_media":0,"parent":0,"menu_order":0,"comment_status":"closed","ping_status":"closed","template":"","meta":{"_acf_changed":false,"footnotes":""},"class_list":["post-109","page","type-page","status-publish","hentry"],"acf":[],"aioseo_notices":[],"featured_image_src":null,"_links":{"self":[{"href":"https:\/\/perhehoitoliitto.fi\/pohjois-karjalan-perhehoitajat\/wp-json\/wp\/v2\/pages\/109","targetHints":{"allow":["GET"]}}],"collection":[{"href":"https:\/\/perhehoitoliitto.fi\/pohjois-karjalan-perhehoitajat\/wp-json\/wp\/v2\/pages"}],"about":[{"href":"https:\/\/perhehoitoliitto.fi\/pohjois-karjalan-perhehoitajat\/wp-json\/wp\/v2\/types\/page"}],"author":[{"embeddable":true,"href":"https:\/\/perhehoitoliitto.fi\/pohjois-karjalan-perhehoitajat\/wp-json\/wp\/v2\/users\/3"}],"replies":[{"embeddable":true,"href":"https:\/\/perhehoitoliitto.fi\/pohjois-karjalan-perhehoitajat\/wp-json\/wp\/v2\/comments?post=109"}],"version-history":[{"count":7,"href":"https:\/\/perhehoitoliitto.fi\/pohjois-karjalan-perhehoitajat\/wp-json\/wp\/v2\/pages\/109\/revisions"}],"predecessor-version":[{"id":161,"href":"https:\/\/perhehoitoliitto.fi\/pohjois-karjalan-perhehoitajat\/wp-json\/wp\/v2\/pages\/109\/revisions\/161"}],"wp:attachment":[{"href":"https:\/\/perhehoitoliitto.fi\/pohjois-karjalan-perhehoitajat\/wp-json\/wp\/v2\/media?parent=109"}],"curies":[{"name":"wp","href":"https:\/\/api.w.org\/{rel}","templated":true}]}}