{"id":97,"date":"2024-02-28T11:30:24","date_gmt":"2024-02-28T09:30:24","guid":{"rendered":"https:\/\/perhehoitoliitto.fi\/pohjois-savon-perhehoitajat\/?page_id=97"},"modified":"2026-03-22T18:23:14","modified_gmt":"2026-03-22T16:23:14","slug":"toimintamme","status":"publish","type":"page","link":"https:\/\/perhehoitoliitto.fi\/pohjois-savon-perhehoitajat\/toimintamme\/","title":{"rendered":"Toimintamme"},"content":{"rendered":"\n<p>Hyv\u00e4 Pohjois-Savon Perhehoitajat ry yhdistyksen j\u00e4sen, olisitko yst\u00e4v\u00e4llinen ja p\u00e4ivitt\u00e4isit s\u00e4hk\u00f6postiosoitteesi, jos se on muuttunut viime vuosina tai et ole saanut postia: <a href=\"mailto:hallitus.posape@gmail.com\">hallitus.posape@gmail.com<\/a><\/p>\n\n\n\n<p>Mik\u00e4li sinulla on ideoita, suunnitelmia tai ajatuksia, vinkkaa niist\u00e4 samaan osoitteeseen: <a href=\"mailto:hallitus.posape@gmail.com\">hallitus.posape@gmail.com<\/a><\/p>\n\n\n<div class=\"wp-block-ub-content-toggle wp-block-ub-content-toggle-block\" id=\"ub-content-toggle-block-720cefc7-1163-4277-a8b8-96edb2a9d33a\" data-mobilecollapse=\"true\" data-desktopcollapse=\"true\" data-preventcollapse=\"false\" data-showonlyone=\"false\">\n<div class=\"wp-block-ub-content-toggle-accordion\" style=\"border-color: #f1f1f1; \" id=\"ub-content-toggle-panel-block-fe3c26b7-9a26-4db2-b8d5-c6e8b94b988f\">\n\t\t\t<div class=\"wp-block-ub-content-toggle-accordion-title-wrap\" style=\"background-color: #f1f1f1;\" aria-controls=\"ub-content-toggle-panel-0-720cefc7-1163-4277-a8b8-96edb2a9d33a\" tabindex=\"0\">\n\t\t\t<p class=\"wp-block-ub-content-toggle-accordion-title ub-content-toggle-title-720cefc7-1163-4277-a8b8-96edb2a9d33a\" style=\"color: #000000; \">Ajankohtaista<\/p>\n\t\t\t<div class=\"wp-block-ub-content-toggle-accordion-toggle-wrap right\" style=\"color: #000000;\"><span class=\"wp-block-ub-content-toggle-accordion-state-indicator wp-block-ub-chevron-down\"><\/span><\/div>\n\t\t<\/div>\n\t\t\t<div role=\"region\" aria-expanded=\"false\" class=\"wp-block-ub-content-toggle-accordion-content-wrap ub-hide\" id=\"ub-content-toggle-panel-0-720cefc7-1163-4277-a8b8-96edb2a9d33a\">\n\n<p><strong>Pohjois-Savon Perhehoitajat ry:n vuosikokous<\/strong><\/p>\n\n\n\n<p>Pidimme vuoden 2026 vuosikokouksen Keilakukon tiloissa 21.3.2026. Kokouksessa k\u00e4siteltiin s\u00e4\u00e4nt\u00f6m\u00e4\u00e4r\u00e4iset asiat.\u00a0Kokouksessa l\u00e4sn\u00e4olleita oli 14 aikuista ja 6 lasta.\u00a0<\/p>\n\n\n\n<p>Toimintasuunnitelmien toteutuma tarkentuu my\u00f6hemmin hallituksen toimesta ja p\u00e4ivitet\u00e4\u00e4n t\u00e4lle sivulle.<\/p>\n\n<\/div>\n\t\t<\/div>\n\n<div class=\"wp-block-ub-content-toggle-accordion\" style=\"border-color: #f1f1f1; \" id=\"ub-content-toggle-panel-block-3448bdae-ef6e-4dc0-87ae-ee6c791b4cc6\">\n\t\t\t<div class=\"wp-block-ub-content-toggle-accordion-title-wrap\" style=\"background-color: #f1f1f1;\" aria-controls=\"ub-content-toggle-panel-1-720cefc7-1163-4277-a8b8-96edb2a9d33a\" tabindex=\"0\">\n\t\t\t<p class=\"wp-block-ub-content-toggle-accordion-title ub-content-toggle-title-720cefc7-1163-4277-a8b8-96edb2a9d33a\" style=\"color: #000000; \">Yhdistyksen s\u00e4\u00e4nn\u00f6t<\/p>\n\t\t\t<div class=\"wp-block-ub-content-toggle-accordion-toggle-wrap right\" style=\"color: #000000;\"><span class=\"wp-block-ub-content-toggle-accordion-state-indicator wp-block-ub-chevron-down\"><\/span><\/div>\n\t\t<\/div>\n\t\t\t<div role=\"region\" aria-expanded=\"false\" class=\"wp-block-ub-content-toggle-accordion-content-wrap ub-hide\" id=\"ub-content-toggle-panel-1-720cefc7-1163-4277-a8b8-96edb2a9d33a\">\n\n<p><strong>YLEIST\u00c4<\/strong><\/p>\n\n\n\n<p>1\u00a7<\/p>\n\n\n\n<p>Yhdistyksen nimi on Pohjois-Savon Perhehoitajat ry ja kotipaikka Kuopio.<\/p>\n\n\n\n<p>2\u00a7<\/p>\n\n\n\n<p>Yhdistyksen tarkoituksena on toimia perhehoitajien ja perhehoidossa olevien henkil\u00f6iden yleisten ja yhteisten etujen puolustajana, edist\u00e4\u00e4 j\u00e4senist\u00f6ns\u00e4 koulutus- ja virkistystoimintaa sek\u00e4 toimia perhehoitajien ja alan yhteis\u00f6jen yhdyssiteen\u00e4.<\/p>\n\n\n\n<p>3\u00a7<\/p>\n\n\n\n<p>Tarkoitustaan yhdistys toteuttaa j\u00e4rjest\u00e4m\u00e4ll\u00e4 neuvottelu-, koulutus- ja virkistystoimintaa, tekem\u00e4ll\u00e4 aloitteita viranomaisille sek\u00e4 harjoittamalla perhehoitoa koskevaa tiedotustoimintaa.<\/p>\n\n\n\n<p>Yhdistyksell\u00e4 on oikeus vastaanottaa testamentteja, lahjoituksia ja avustuksia, hankkia ja omistaa toimintaansa varten tarpeellista kiinte\u00e4\u00e4 ja irtainta omaisuutta, harjoittaa tilavuokrausta, sek\u00e4 suorittaa varainhankintaa toimintaansa liittyvien korttien, merkkien, lelujen ja vastaavanlaisten tuotteiden myynnill\u00e4 sek\u00e4 valtakunnallisilla ja alueellisilla ker\u00e4yksill\u00e4 ja arpajaisilla.<\/p>\n\n\n\n<p>4\u00a7<\/p>\n\n\n\n<p>Yhdistyksen varsinaisiksi j\u00e4seniksi voivat liitty\u00e4 kaikki sellaiset hallituksen hyv\u00e4ksym\u00e4t yksityiset henkil\u00f6t, jotka toimivat, ovat toimineet tai aikovat toimia perhehoitajina ja hyv\u00e4ksyv\u00e4t n\u00e4iden s\u00e4\u00e4nt\u00f6jen 2\u00a7:ss\u00e4 m\u00e4\u00e4ritellyn tarkoituksen sek\u00e4 suorittavat vuosikokouksen kulloinkin erikseen m\u00e4\u00e4r\u00e4\u00e4m\u00e4n j\u00e4senmaksun.<\/p>\n\n\n\n<p>Kannatusj\u00e4seniksi voivat liitty\u00e4 kaikki sellaiset yksityiset henkil\u00f6t ja oikeuskelpoiset yhteis\u00f6t, jotka haluavat tukea yhdistyksen toimintaa. Kannatusj\u00e4senill\u00e4 ei ole \u00e4\u00e4nioikeutta yhdistyksen kokouksissa. Kannatusj\u00e4senet suorittavat vuosikokouksen kulloinkin m\u00e4\u00e4r\u00e4\u00e4m\u00e4n kannatusj\u00e4senmaksun. Saavutetut j\u00e4senoikeudet s\u00e4ilyv\u00e4t.<\/p>\n\n\n\n<p>5\u00a7<\/p>\n\n\n\n<p>J\u00e4senen joka haluaa erota yhdistyksest\u00e4 tulee ilmoittaa t\u00e4st\u00e4 kirjallisesti hallitukselle tai sen puheenjohtajalle. Eroilmoituksen voi tehd\u00e4 my\u00f6s yhdistyksen kokouksessa kokouksen p\u00f6yt\u00e4kirjaan merkitt\u00e4v\u00e4ksi. J\u00e4senmaksut on maksettava sen kalenterivuoden loppuun saakka, jona eroaminen tapahtuu.<\/p>\n\n\n\n<p>J\u00e4sen voidaan erottaa yhdistyksest\u00e4, jos h\u00e4n laiminly\u00f6 j\u00e4senmaksun maksamisen, rikkoo tahallisesti yhdistyksen s\u00e4\u00e4nt\u00f6j\u00e4 tai muutoin toimii yhdistyksen tarkoitusta vastaan. Erottamisesta p\u00e4\u00e4tt\u00e4\u00e4 yhdistyksen hallitus.<\/p>\n\n\n\n<p><strong>TOIMIELIMET<\/strong><\/p>\n\n\n\n<p>6\u00a7<\/p>\n\n\n\n<p>Yhdistyksen asioita hoitaa hallitus, johon kuuluu vuosikokouksessa valittu puheenjohtaja, sek\u00e4 kaksi \u2013 kymmenen (2-10) muuta j\u00e4sent\u00e4. Hallituksen toimikausi on vuosikokousten v\u00e4linen aika. Hallitus kokoontuu puheenjohtajan tai h\u00e4nen estyneen\u00e4 ollessaan varapuheenjohtajan kutsusta ja on p\u00e4\u00e4t\u00f6svaltainen kun v\u00e4hint\u00e4\u00e4n puolet sen j\u00e4senist\u00e4 puheenjohtaja tai varapuheenjohtaja mukaan luettuna on l\u00e4sn\u00e4.<\/p>\n\n\n\n<p>7\u00a7<\/p>\n\n\n\n<p>Hallituksen teht\u00e4v\u00e4 on:<\/p>\n\n\n\n<p>\u00a0\u00a0\u00a0\u00a0\u00a0\u00a0\u00a0\u00a0\u00a0\u00a0\u00a0\u00a0\u00a0\u00a0\u00a0\u00a0\u00a0\u00a0 &#8211; valita keskuudestaan varapuheenjohtaja ja sihteeri sek\u00e4 keskuudestaan tai\u00a0\u00a0 ulkopuoleltaan muut tarvittavat toimihenkil\u00f6t ja m\u00e4\u00e4r\u00e4t\u00e4 heid\u00e4n teht\u00e4v\u00e4ns\u00e4.<br>\u00a0\u00a0\u00a0\u00a0\u00a0\u00a0\u00a0\u00a0\u00a0\u00a0\u00a0\u00a0\u00a0\u00a0\u00a0\u00a0\u00a0\u00a0 -huolehtia yhdistyksen kokousten p\u00e4\u00e4t\u00f6sten toteuttamisesta<br>\u00a0\u00a0\u00a0\u00a0\u00a0\u00a0\u00a0\u00a0\u00a0\u00a0\u00a0\u00a0\u00a0\u00a0\u00a0\u00a0\u00a0\u00a0 &#8211; suorittaa muut hallitukselle annetut teht\u00e4v\u00e4t<\/p>\n\n\n\n<p>8\u00a7<\/p>\n\n\n\n<p>Yhdistyksen nimen kirjoittavat puheenjohtaja, varapuheenjohtaja ja sihteeri; kaksi aina yhdess\u00e4.<\/p>\n\n\n\n<p>9\u00a7<\/p>\n\n\n\n<p>Yhdistyksen kokoukset kutsuu koolle hallitus v\u00e4hint\u00e4\u00e4n nelj\u00e4toista (14) vuorokautta ennen kokousta j\u00e4senelle postitetulla j\u00e4senen ilmoittamaan postiosoitteeseen l\u00e4hetetyll\u00e4 kirjeell\u00e4 tai j\u00e4senen ilmoittamaan s\u00e4hk\u00f6postiosoitteeseen toimitetulla s\u00e4hk\u00f6postilla tai j\u00e4senen ilmoittamaan puhelimeen toimitetulla tekstiviestill\u00e4. Usealle samassa osoitteessa asuvalle j\u00e4senelle voidaan l\u00e4hett\u00e4\u00e4 yhteinen kutsu. Yhdistyksen kaikissa kokouksissa jokaisella varsinaisella j\u00e4senell\u00e4 on yksi \u00e4\u00e4ni.<\/p>\n\n\n\n<p>10\u00a7<\/p>\n\n\n\n<p>Yhdistyksen vuosikokous pidet\u00e4\u00e4n hallituksen m\u00e4\u00e4r\u00e4\u00e4m\u00e4n\u00e4 p\u00e4iv\u00e4n\u00e4 maaliskuun loppuun menness\u00e4 ja siin\u00e4 k\u00e4sitell\u00e4\u00e4n seuraavat asiat<\/p>\n\n\n\n<p>1.\u00a0\u00a0\u00a0 valitaan kokoukselle puheenjohtaja ja sihteeri, kaksi p\u00f6yt\u00e4kirjan tarkastajaa ja kaksi \u00e4\u00e4ntenlaskijaa<\/p>\n\n\n\n<p>2.\u00a0\u00a0\u00a0 todetaan kokouksen laillisuus ja p\u00e4\u00e4t\u00f6svaltaisuus<\/p>\n\n\n\n<p>3.\u00a0\u00a0\u00a0 esitet\u00e4\u00e4n edelt\u00e4v\u00e4n vuoden tilinp\u00e4\u00e4t\u00f6s, toimintakertomus ja toiminnantarkastajan lausunto<\/p>\n\n\n\n<p>4.\u00a0\u00a0\u00a0 P\u00e4\u00e4tet\u00e4\u00e4n tilinp\u00e4\u00e4t\u00f6ksen vahvistamisesta ja vastuuvapauden my\u00f6nt\u00e4misest\u00e4 hallitukselle ja muille vastuuvelvollisille<\/p>\n\n\n\n<p>5.\u00a0\u00a0\u00a0 P\u00e4\u00e4tet\u00e4\u00e4n j\u00e4senmaksujen suuruudet<\/p>\n\n\n\n<p>6.\u00a0\u00a0\u00a0 P\u00e4\u00e4tet\u00e4\u00e4n hallituksen j\u00e4senten ja toiminnantarkastajan palkkiot<\/p>\n\n\n\n<p>7.\u00a0\u00a0\u00a0 Vahvistetaan toimintasuunnitelma ja talousarvio<\/p>\n\n\n\n<p>8.\u00a0\u00a0\u00a0 Valitaan hallituksen puheenjohtaja sek\u00e4 muut hallituksen j\u00e4senet<\/p>\n\n\n\n<p>9.\u00a0\u00a0\u00a0 Valitaan yksi toiminnantarkastaja ja h\u00e4nelle varatoiminnantarkastaja<\/p>\n\n\n\n<p>10. K\u00e4sitell\u00e4\u00e4n muut kokouskutsussa mainitut asiat<\/p>\n\n\n\n<p>11\u00a7<\/p>\n\n\n\n<p>Yhdistyksen kokoukseen voidaan osallistua hallituksen tai yhdistyksen kokouksen niin p\u00e4\u00e4tt\u00e4ess\u00e4 my\u00f6s tietoliikenneyhteyden tai muun teknisen apuv\u00e4lineen avulla kokouksen aikana tai ennen kokousta<\/p>\n\n\n\n<p>12\u00a7<\/p>\n\n\n\n<p>Yhdistyksen j\u00e4senet kutsutaan ylim\u00e4\u00e4r\u00e4iseen kokoukseen jos hallitus katsoo sen tarpeelliseksi tai jos v\u00e4hint\u00e4\u00e4n kymmenesosa (1\/10) \u00e4\u00e4nioikeutetuista j\u00e4senist\u00e4 sit\u00e4 hallitukselta kirjallisesti pyyt\u00e4\u00e4.<\/p>\n\n\n\n<p><strong>ERIN\u00c4ISI\u00c4 M\u00c4\u00c4R\u00c4YKSI\u00c4<\/strong><\/p>\n\n\n\n<p>13\u00a7<\/p>\n\n\n\n<p>Yhdistyksen tilit p\u00e4\u00e4tet\u00e4\u00e4n kalenterivuosittain ja ne on annettava toiminnantarkastajalle viimeist\u00e4\u00e4n helmikuun 15.p\u00e4iv\u00e4. Toiminnantarkastajan tulee antaa helmikuun loppuun menness\u00e4 hallitukselle lausunto tilien ja hallinnon tarkastuksesta.<\/p>\n\n\n\n<p>14\u00a7<\/p>\n\n\n\n<p>N\u00e4iden s\u00e4\u00e4nt\u00f6jen muuttamisesta ja yhdistyksen purkamisesta voidaan p\u00e4\u00e4tt\u00e4\u00e4 yhdistyksen kokouksessa kolme nelj\u00e4sosan (3\/4) enemmist\u00f6ll\u00e4 annetuista \u00e4\u00e4nist\u00e4.<\/p>\n\n\n\n<p>15\u00a7<\/p>\n\n\n\n<p>Jos yhdistys purkautuu tai lakkautetaan, k\u00e4ytet\u00e4\u00e4n sen j\u00e4ljelle j\u00e4\u00e4neet varat perhehoitoty\u00f6t\u00e4 edist\u00e4viin tarkoituksiin, joista yhdistyksen viimeinen kokous p\u00e4\u00e4tt\u00e4\u00e4.<\/p>\n\n<\/div>\n\t\t<\/div>\n<\/div>","protected":false},"excerpt":{"rendered":"<p>Hyv\u00e4 Pohjois-Savon Perhehoitajat ry yhdistyksen j\u00e4sen, olisitko yst\u00e4v\u00e4llinen ja p\u00e4ivitt\u00e4isit s\u00e4hk\u00f6postiosoitteesi, jos se on muuttunut viime vuosina tai et ole&#8230;<\/p>\n","protected":false},"author":3,"featured_media":0,"parent":0,"menu_order":0,"comment_status":"closed","ping_status":"closed","template":"","meta":{"_acf_changed":false,"footnotes":""},"class_list":["post-97","page","type-page","status-publish","hentry"],"acf":[],"aioseo_notices":[],"featured_image_src":null,"_links":{"self":[{"href":"https:\/\/perhehoitoliitto.fi\/pohjois-savon-perhehoitajat\/wp-json\/wp\/v2\/pages\/97","targetHints":{"allow":["GET"]}}],"collection":[{"href":"https:\/\/perhehoitoliitto.fi\/pohjois-savon-perhehoitajat\/wp-json\/wp\/v2\/pages"}],"about":[{"href":"https:\/\/perhehoitoliitto.fi\/pohjois-savon-perhehoitajat\/wp-json\/wp\/v2\/types\/page"}],"author":[{"embeddable":true,"href":"https:\/\/perhehoitoliitto.fi\/pohjois-savon-perhehoitajat\/wp-json\/wp\/v2\/users\/3"}],"replies":[{"embeddable":true,"href":"https:\/\/perhehoitoliitto.fi\/pohjois-savon-perhehoitajat\/wp-json\/wp\/v2\/comments?post=97"}],"version-history":[{"count":12,"href":"https:\/\/perhehoitoliitto.fi\/pohjois-savon-perhehoitajat\/wp-json\/wp\/v2\/pages\/97\/revisions"}],"predecessor-version":[{"id":199,"href":"https:\/\/perhehoitoliitto.fi\/pohjois-savon-perhehoitajat\/wp-json\/wp\/v2\/pages\/97\/revisions\/199"}],"wp:attachment":[{"href":"https:\/\/perhehoitoliitto.fi\/pohjois-savon-perhehoitajat\/wp-json\/wp\/v2\/media?parent=97"}],"curies":[{"name":"wp","href":"https:\/\/api.w.org\/{rel}","templated":true}]}}