{"id":109,"date":"2024-02-28T11:57:19","date_gmt":"2024-02-28T09:57:19","guid":{"rendered":"https:\/\/perhehoitoliitto.fi\/satakunnan-perhehoitajat\/?page_id=109"},"modified":"2024-06-18T12:45:22","modified_gmt":"2024-06-18T09:45:22","slug":"liity-jaseneksi","status":"publish","type":"page","link":"https:\/\/perhehoitoliitto.fi\/satakunnan-perhehoitajat\/liity-jaseneksi\/","title":{"rendered":"Liity j\u00e4seneksi"},"content":{"rendered":"\n<p>Satakunnan Perhehoitajat ry:n j\u00e4senen\u00e4 saat muun muassa seuraavia etuja:<\/p>\n\n\n\n<ul class=\"wp-block-list\">\n<li>Kuulut yhdistyksesi kautta Perhehoitoliittoon.<\/li>\n\n\n\n<li>Saat Perhehoito-lehden nelj\u00e4 kertaa vuodessa.<\/li>\n\n\n\n<li>Saat ohjausta ja neuvontaa perhehoidon lains\u00e4\u00e4d\u00e4nt\u00f6\u00f6n liittyviss\u00e4 asioissa.<\/li>\n<\/ul>\n\n\n\n<div class=\"wp-block-buttons is-layout-flex wp-block-buttons-is-layout-flex\">\n<div class=\"wp-block-button\"><a class=\"wp-block-button__link wp-element-button\" href=\"https:\/\/atom.flomembers.com\/satakunnan-perhehoitajat\/members\/application?_lang=fi\">T\u00e4yt\u00e4 j\u00e4senhakemus<\/a><\/div>\n<\/div>\n","protected":false},"excerpt":{"rendered":"<p>Satakunnan Perhehoitajat ry:n j\u00e4senen\u00e4 saat muun muassa seuraavia etuja:<\/p>\n","protected":false},"author":3,"featured_media":0,"parent":0,"menu_order":0,"comment_status":"closed","ping_status":"closed","template":"","meta":{"_acf_changed":false,"footnotes":""},"class_list":["post-109","page","type-page","status-publish","hentry"],"acf":[],"aioseo_notices":[],"featured_image_src":null,"_links":{"self":[{"href":"https:\/\/perhehoitoliitto.fi\/satakunnan-perhehoitajat\/wp-json\/wp\/v2\/pages\/109","targetHints":{"allow":["GET"]}}],"collection":[{"href":"https:\/\/perhehoitoliitto.fi\/satakunnan-perhehoitajat\/wp-json\/wp\/v2\/pages"}],"about":[{"href":"https:\/\/perhehoitoliitto.fi\/satakunnan-perhehoitajat\/wp-json\/wp\/v2\/types\/page"}],"author":[{"embeddable":true,"href":"https:\/\/perhehoitoliitto.fi\/satakunnan-perhehoitajat\/wp-json\/wp\/v2\/users\/3"}],"replies":[{"embeddable":true,"href":"https:\/\/perhehoitoliitto.fi\/satakunnan-perhehoitajat\/wp-json\/wp\/v2\/comments?post=109"}],"version-history":[{"count":11,"href":"https:\/\/perhehoitoliitto.fi\/satakunnan-perhehoitajat\/wp-json\/wp\/v2\/pages\/109\/revisions"}],"predecessor-version":[{"id":160,"href":"https:\/\/perhehoitoliitto.fi\/satakunnan-perhehoitajat\/wp-json\/wp\/v2\/pages\/109\/revisions\/160"}],"wp:attachment":[{"href":"https:\/\/perhehoitoliitto.fi\/satakunnan-perhehoitajat\/wp-json\/wp\/v2\/media?parent=109"}],"curies":[{"name":"wp","href":"https:\/\/api.w.org\/{rel}","templated":true}]}}