{"id":2,"date":"2024-01-23T15:53:19","date_gmt":"2024-01-23T13:53:19","guid":{"rendered":"https:\/\/perhehoitoliitto.fi\/varsinais-suomen-sijaisperheet\/?page_id=2"},"modified":"2026-02-08T20:31:17","modified_gmt":"2026-02-08T18:31:17","slug":"esimerkkisivu","status":"publish","type":"page","link":"https:\/\/perhehoitoliitto.fi\/varsinais-suomen-sijaisperheet\/","title":{"rendered":"Varsinais-Suomen Sijaisperheet Silava ry"},"content":{"rendered":"\n<p class=\"has-text-align-center\">Hyv\u00e4 perhehoito kuuluu kaikille!<\/p>\n\n\n\n<p>Varsinais-Suomen Sijaisperheet SILAVA ry toiminnan perusl\u00e4ht\u00f6kohtana on kehitt\u00e4\u00e4 ja edist\u00e4\u00e4 perhehoitajien ja perhehoidossa olevien henkil\u00f6iden asemaa. Yhdistyksen perusl\u00e4ht\u00f6kohtana on, ett\u00e4 sijaisvanhemmat pystyv\u00e4t toimimaan hyvin\u00e4 vanhempina lapsille.<\/p>\n\n\n\n<p>J\u00e4rjest\u00e4mme muun muassa koulutus- ja virkistystilaisuuksia sek\u00e4 vanhemmille ett\u00e4 lapsille.<\/p>\n\n\n\n<p>Yhdistys toimii my\u00f6s yhten\u00e4 kanavana j\u00e4senist\u00f6ns\u00e4 ja viranomaisten v\u00e4lill\u00e4.<\/p>\n\n\n\n<p>Vuosi 2026 on Varsinais-Suomen Sijaisperheet SILAVA ry 39. toimintavuosi.<\/p>\n\n\n\n<p>Varsinais-Suomen Sijaisperheet SILAVA ry kuuluu <a href=\"https:\/\/www.perhehoitoliitto.fi\" title=\"\">Perhehoitoliittoon<\/a>.<\/p>\n\n\n\n<p class=\"has-text-align-center\">TERVETULOA MUKAAN AKTIIVISEEN TOIMINTAAMME SIN\u00c4 OLET T\u00c4RKE\u00c4 \u2013 OLEMME SINUA VARTEN<\/p>\n\n\n\n<div class=\"wp-block-buttons is-content-justification-center is-layout-flex wp-container-core-buttons-is-layout-16018d1d wp-block-buttons-is-layout-flex\">\n<div class=\"wp-block-button\"><a class=\"wp-block-button__link wp-element-button\" href=\"https:\/\/perhehoitoliitto.fi\/varsinais-suomen-sijaisperheet\/ajankohtaista\/\">Ajankohtaista<\/a><\/div>\n\n\n\n<div class=\"wp-block-button\"><a class=\"wp-block-button__link wp-element-button\" href=\"https:\/\/perhehoitoliitto.fi\/varsinais-suomen-sijaisperheet\/toimintamme\/\">Toimintamme<\/a><\/div>\n\n\n\n<div class=\"wp-block-button\"><a class=\"wp-block-button__link has-text-align-center wp-element-button\" href=\"https:\/\/perhehoitoliitto.fi\/varsinais-suomen-sijaisperheet\/liity-jaseneksi\/\">Liity j\u00e4seneksi<\/a><\/div>\n\n\n\n<div class=\"wp-block-button\"><a class=\"wp-block-button__link has-text-align-center wp-element-button\" href=\"https:\/\/perhehoitoliitto.fi\/varsinais-suomen-sijaisperheet\/yhteystiedot\/\">Yhteystiedot<\/a><\/div>\n<\/div>\n\n\n\n<p><\/p>\n","protected":false},"excerpt":{"rendered":"<p>Hyv\u00e4 perhehoito kuuluu kaikille! Varsinais-Suomen Sijaisperheet SILAVA ry toiminnan perusl\u00e4ht\u00f6kohtana on kehitt\u00e4\u00e4 ja edist\u00e4\u00e4 perhehoitajien ja perhehoidossa olevien henkil\u00f6iden asemaa&#8230;.<\/p>\n","protected":false},"author":1,"featured_media":132,"parent":0,"menu_order":0,"comment_status":"closed","ping_status":"open","template":"","meta":{"_acf_changed":false,"footnotes":""},"class_list":["post-2","page","type-page","status-publish","has-post-thumbnail","hentry"],"acf":[],"aioseo_notices":[],"featured_image_src":"https:\/\/perhehoitoliitto.fi\/varsinais-suomen-sijaisperheet\/wp-content\/uploads\/sites\/27\/2024\/06\/taustakuva_puussa2.jpg","_links":{"self":[{"href":"https:\/\/perhehoitoliitto.fi\/varsinais-suomen-sijaisperheet\/wp-json\/wp\/v2\/pages\/2","targetHints":{"allow":["GET"]}}],"collection":[{"href":"https:\/\/perhehoitoliitto.fi\/varsinais-suomen-sijaisperheet\/wp-json\/wp\/v2\/pages"}],"about":[{"href":"https:\/\/perhehoitoliitto.fi\/varsinais-suomen-sijaisperheet\/wp-json\/wp\/v2\/types\/page"}],"author":[{"embeddable":true,"href":"https:\/\/perhehoitoliitto.fi\/varsinais-suomen-sijaisperheet\/wp-json\/wp\/v2\/users\/1"}],"replies":[{"embeddable":true,"href":"https:\/\/perhehoitoliitto.fi\/varsinais-suomen-sijaisperheet\/wp-json\/wp\/v2\/comments?post=2"}],"version-history":[{"count":38,"href":"https:\/\/perhehoitoliitto.fi\/varsinais-suomen-sijaisperheet\/wp-json\/wp\/v2\/pages\/2\/revisions"}],"predecessor-version":[{"id":211,"href":"https:\/\/perhehoitoliitto.fi\/varsinais-suomen-sijaisperheet\/wp-json\/wp\/v2\/pages\/2\/revisions\/211"}],"wp:featuredmedia":[{"embeddable":true,"href":"https:\/\/perhehoitoliitto.fi\/varsinais-suomen-sijaisperheet\/wp-json\/wp\/v2\/media\/132"}],"wp:attachment":[{"href":"https:\/\/perhehoitoliitto.fi\/varsinais-suomen-sijaisperheet\/wp-json\/wp\/v2\/media?parent=2"}],"curies":[{"name":"wp","href":"https:\/\/api.w.org\/{rel}","templated":true}]}}